k - 7. Give n(-2).
-239
Let o(x) = -8379*x - 75414. Calculate o(-9).
-3
Let m(a) = -a**2 + 623*a - 6161. What is m(10)?
-31
Let q(l) = 17*l - 1792. Determine q(106).
10
Let q(c) = 6*c**3 + 159*c**2 + 79*c + 27. Give q(-26).
1
Let x(i) = -i**3 - 18*i**2 - 71*i - 6. Determine x(-6).
-12
Let f(s) = 11*s - 188. Give f(-22).
-430
Let y(p) = 1055*p + 25328. What is y(-24)?
8
Let t(j) = j**2 - 179*j + 2812. What is t(18)?
-86
Let x(u) = -2*u**3 - 95*u**2 - 44*u + 137. Determine x(-47).
-4
Let g(w) = 2*w**3 + 6*w**2 - 1980*w - 9. What is g(30)?
-9
Let o(a) = 12*a**2 - 104*a + 105. Give o(1).
13
Let l(q) = -q + 99. What is l(7)?
92
Let u(w) = -731*w - 3584. What is u(-5)?
71
Let s(i) = -i**3 + 11*i**2 - 64*i + 533. Determine s(10).
-7
Let w(l) = -l**3 + 20*l**2 - 48*l - 41. Give w(17).
10
Let y(q) = q**3 + 39*q**2 + 317*q - 178. Give y(-27).
11
Let y(z) = -z**3 + 3*z**2 + 42*z - 156. Calculate y(5).
4
Let k(s) = 5*s**2 - 163*s + 318. Determine k(2).
12
Let u(l) = -25*l**2 + 7*l - 17. Calculate u(3).
-221
Let n(v) = -4*v**2 + 157*v - 166. What is n(38)?
24
Let k(f) = -693*f - 14559. What is k(-21)?
-6
Let t(h) = -h**2 + 7*h + 53. Calculate t(11).
9
Let n(p) = -188*p**2 - 13*p + 13. Determine n(1).
-188
Let n(d) = -19*d**3 + 5*d**2 + 12*d + 13. Determine n(3).
-419
Let p(w) = 3*w**2 - 40*w + 183. Determine p(10).
83
Let b(y) = 12*y**3 - 6*y**2 + 2*y - 2. What is b(-3)?
-386
Let o(h) = h**3 + 14*h**2 + 28*h + 201. Determine o(-13).
6
Let s(q) = -4*q**2 + 20*q - 34. Calculate s(6).
-58
Let m(c) = c**2 - 79*c - 4724. Give m(-40).
36
Let p(f) = 10*f**2 - 859*f - 2739. Calculate p(89).
20
Let z(w) = -w**2 + 5*w - 30. Give z(6).
-36
Let j(h) = -h**3 + h**2 + 25*h + 1. What is j(-6)?
103
Let b(a) = 2*a**3 - 58*a**2 - 62*a - 3. What is b(30)?
-63
Let t(y) = -93*y + 272. Calculate t(5).
-193
Let v(q) = q**3 - 28*q**2 - 24*q + 634. Give v(28).
-38
Let k(i) = -47*i + 208. Give k(6).
-74
Let d(v) = 688*v - 7321. Give d(11).
247
Let t(d) = -447*d + 11140. Calculate t(25).
-35
Let v(z) = 8*z**3 - 18*z**2 + 2*z - 13. Calculate v(3).
47
Let p(i) = 21*i**2 - 209*i - 92. Give p(9).
-272
Let p(h) = h**3 - 33*h**2 - 32*h - 46. Determine p(34).
22
Let z(r) = 6*r**2 - 109*r + 66. Calculate z(17).
-53
Let a(o) = 66*o**2 + 16*o - 16. What is a(1)?
66
Let x(h) = -9*h - 1484. Determine x(-123).
-377
Let b(h) = h**2 - 25*h - 169. Give b(32).
55
Let d(j) = 11*j + 404. Give d(-42).
-58
Let k(z) = -4*z**3 + 103*z**2 - 4*z + 691. Calculate k(26).
-89
Let m(t) = t**3 - 6*t**2 + 10*t - 65. Determine m(6).
-5
Let x(i) = i**2 + 151*i + 2474. What is x(-133)?
80
Let s(l) = 442*l - 23400. Give s(53).
26
Let c(d) = -10096*d - 50495. Determine c(-5).
-15
Let c(x) = -23*x - 1825. Determine c(-79).
-8
Let f(k) = 22*k + 1384. Calculate f(-65).
-46
Let j(l) = -l**2 - 92*l - 760. Calculate j(-82).
60
Let z(k) = -6*k + 86. What is z(25)?
-64
Let q(b) = 7*b**3 - 50*b**2 - 27*b + 171. Determine q(7).
-67
Let i(g) = -g**2 - 17*g - 29. What is i(-7)?
41
Let k(c) = -2*c**3 + 260*c**2 + c - 105. Determine k(130).
25
Let t(x) = -149*x + 11608. Give t(78).
-14
Let a(l) = l**2 + 82*l + 720. Determine a(-10).
0
Let b(n) = -n**3 + 16*n**2 + 9*n + 93. Calculate b(16).
237
Let k(o) = -1111*o - 42207. Give k(-38).
11
Let k(d) = -2*d**3 + 2*d**2 - 2*d + 117. Determine k(0).
117
Let q(f) = -23*f**2 + 140*f + 142. Determine q(7).
-5
Let x(p) = 24*p + 755. What is x(-25)?
155
Let y(d) = -d**3 - 10*d**2 - 48*d - 139. Determine y(-4).
-43
Let k(d) = -d**2 - 18*d - 71. Give k(-11).
6
Let w(v) = -v**3 - 3*v**2 - 7*v - 14. Determine w(-2).
-4
Let b(p) = -p**3 + 113*p**2 + 234*p - 427. What is b(115)?
33
Let c(w) = w**3 + 20*w**2 - 21*w - 12. Calculate c(-21).
-12
Let u(a) = -4*a**2 + 25*a + 22. Give u(10).
-128
Let h(i) = 24*i + 148. Calculate h(-13).
-164
Let a(u) = u**2 - 61*u + 742. Give a(41).
-78
Let g(q) = 93*q - 279. Calculate g(3).
0
Let t(c) = 14*c**2 + 10*c - 35. What is t(5)?
365
Let o(v) = 32*v**2 + 482*v + 22. Calculate o(-15).
-8
Let c(u) = u**3 - 58*u**2 + 56*u + 79. What is c(57)?
22
Let q(v) = -5*v**3 - 6*v**2 + 19*v - 23. Determine q(-4).
125
Let g(o) = -3755*o - 48808. What is g(-13)?
7
Let u(v) = -4*v**2 - 351*v + 3175. What is u(-96)?
7
Let y(k) = 30*k - 2398. Determine y(80).
2
Let s(d) = 2*d**2 + 47*d + 188. Calculate s(-18).
-10
Let n(b) = 2*b**2 + 153*b + 2063. What is n(-18)?
-43
Let j(d) = 2*d**3 + 129*d**2 - 73*d - 644. Determine j(-65).
-124
Let x(b) = 12*b**3 + 10*b**2 - 35*b - 1. Determine x(4).
787
Let w(k) = -83*k - 9354. What is w(-112)?
-58
Let u(g) = 384*g + 5252. Calculate u(-14).
-124
Let g(b) = -4*b**3 + 47*b**2 + 12*b - 22. What is g(12)?
-22
Let d(i) = -14*i**2 + 131*i - 6. Determine d(9).
39
Let w(x) = 2*x**2 - 5*x - 160. Give w(9).
-43
Let w(l) = 373*l**2 + 23*l + 22. What is w(-1)?
372
Let b(h) = -4*h**2 - 27*h + 3. Determine b(-3).
48
Let g(h) = 2581*h + 178092. Calculate g(-69).
3
Let b(k) = -k**2 - 50*k + 41. Give b(-55).
-234
Let u(t) = -2*t**2 - 7*t + 4. What is u(-7)?
-45
Let j(g) = 566*g**3 - g**2 + 7*g - 6. Calculate j(1).
566
Let a(x) = -6*x + 329. What is a(57)?
-13
Let l(x) = -x**2 - 25*x - 59. What is l(-15)?
91
Let s(m) = -46*m + 2596. Calculate s(56).
20
Let s(i) = -2*i**3 - 29*i**2 - 17*i - 7. Calculate s(-14).
35
Let w(o) = -532*o - 3508. Determine w(-6).
-316
Let n(d) = -4*d**2 + 92*d + 196. Calculate n(-2).
-4
Let r(x) = -82*x - 2035. Determine r(-25).
15
Let o(d) = -d**3 - 54*d**2 - 106*d - 121. What is o(-52)?
-17
Let r(k) = -22*k - 434. Give r(-43).
512
Let f(l) = -49*l - 1387. Determine f(-28).
-15
Let v(z) = -z**3 - 3*z**2 + 6*z + 9. Calculate v(0).
9
Let f(i) = i - 402. Give f(66).
-336
Let a(p) = 90*p - 1438. Determine a(18).
182
Let c(r) = -86*r - 694. Give c(-9).
80
Let c(v) = -36*v + 69. Determine c(-4).
213
Let x(p) = -7*p**3 - 43*p**2 - 4*p + 17. Give x(-6).
5
Let r(m) = 13*m + 48. Give r(-3).
9
Let w(y) = 18*y - 61. What is w(-15)?
-331
Let f(c) = -41*c**3 - 5*c - 11. Give f(-2).
327
Let a(t) = -83*t + 1970. Calculate a(33).
-769
Let p(k) = 2*k**3 + 91*k**2 - 3816*k + 2. Give p(-72).
2
Let g(i) = -i**3 + 8*i**2 + 4*i + 2. What is g(9)?
-43
Let u(l) = l**3 - l**2 - 58*l - 24. Determine u(-7).
-10
Let t(g) = -g**3 - 9*g**2 - 18*g - 28. Determine t(-7).
0
Let v(m) = 81*m - 2150. What is v(27)?
37
Let w(g) = 76*g - 451. Determine w(6).
5
Let j(n) = 918*n + 65171. Calculate j(-71).
-7
Let v(o) = 33*o + 674. Determine v(-21).
-19
Let m(t) = 7*t**3 + 5*t**2 + 7*t - 43. Give m(3).
212
Let o(i) = i**2 - 124*i + 2757. What is o(95)?
2
Let s(f) = -6*f - 35. Give s(-1).
-29
Let f(y) = y**3 + 34*y**2 - 15*y - 45. Determine f(-34).
465
Let y(p) = -p**3 - 30*p**2 - 3*p + 1534. Give y(-28).
50
Let x(y) = -y**3 - 55*y**2 + 46*y - 554. What is x(-56)?
6
Let y(w) = -3*w**3 + 24*w**2 + 5*w - 55. Determine y(8).
-15
Let o(p) = -2*p**2 - 88*p - 627. Give o(-35).
3
Let m(q) = -q**3 + 23*q**2 + 23*q - 998. Calculate m(22).
-8
Let b(m) = -m**3 + 9*m**2 - 6*m. Calculate b(7).
56
Let b(z) = -z**3 + 50*z**2 - 109*z + 52. Determine b(48).
-572
Let h(j) = 184*j**2 - 707*j + 6. Give h(4).
122
Let y(t) = -410*t - 92248. Determine y(-225).
2
Let t(o) = -o**3 - 3*o**2 + 8*o - 47. Determine t(6).
-323
Let k(m) = m**2 - 545*m - 7265. Calculate k(-13).
-11
Let q(x) = -351*x - 28066. Calculate q(-80).
14
Let w(m) = m**3 + 7*m**2 - 17*m - 36. Calculate w(-8).
36
Let y(r) = -2*r + 5. What is y(3)?
-1
Let q(o) = -8*o**3 - 38*o**2 + 5*o - 1. What is q(-5)?
24
Let b(z) = -613*z + 98076. Determine b(160).
-4
Let z(t) = -12*t**3 - 4*t**2 + 398*t - 395. Calculate z(1).
-13
Let w(f) = 2*f**2 + 5*f - 162. Calculate w(0).
-162
Let k(y) = -2*y**2 - 379*y - 4438. Determine k(-177).
-13
Let z(c) = -2*c**2 - 13*c - 120. Determine z(-12).
-252
Let d(f) = f**3 - 13*f**2 + 26*f - 46. Calculate d(13).
292
Let h(z) = -2*z**2 + 261*z - 7947. Calculate h(82).
7
Let p(w) = 3*w**3 - 9*w**2 + 9*w + 1. Determine p(1).
4
Let b(i) = -316*i + 5673. Give b(18).
-15
Let l(v) = 4*v**2 + 306*v - 23. What is l(-79)?
767
Let q(w) = -w**3 - 6*w**2 + 16*w - 6. What is q(-9)?
93
Let o(z) = z**3 - 50*z**2 - 49*z - 93. Determine o(51).
9
Let p(k) = 2*k**3 - 15*k + 59. Give p(4).
127
Let g(a) = -a**3 + 4*a**2 + 796*a - 6117. Calculate g(8).
-5
Let g(q) = -22*q + 1827. Give g(86).
-65
Let t(o) = -124*o - 422. Calculate t